{"id":1474,"date":"2015-05-24T18:24:34","date_gmt":"2015-05-24T17:24:34","guid":{"rendered":"http:\/\/rrotulluesi-dardan.ch\/cms\/?page_id=1474"},"modified":"2015-05-24T18:24:34","modified_gmt":"2015-05-24T17:24:34","slug":"impressum","status":"publish","type":"page","link":"http:\/\/rrotulluesi-dardan.ch\/cms\/?page_id=1474","title":{"rendered":"Impressum"},"content":{"rendered":"<h2>Impressum<\/h2>\n<div>\n<p>Design und Struktur dieser Webseiten wurden in Zusammenarbeit mit der onsite partner ag und der\u00a0Rrotulluesi Dardan\u00a0erstellt. Die Aktualisierung der Inhalte erfolgt durch die Webmaster von Kleintiere Schweiz mit Hilfe des Content Management Systems (CMS).<\/p>\n<\/div>\n<h2 style=\"color: #000000;\">Haftung<\/h2>\n<p style=\"color: #000000;\">Obwohl Kleintiere Schweiz mit aller Sorgfalt auf die Richtigkeit der ver\u00f6ffentlichten Informationen achtet, kann hinsichtlich der inhaltlichen Richtigkeit, Genauigkeit, Aktualit\u00e4t, Zuverl\u00e4ssigkeit und Vollst\u00e4ndigkeit dieser Informationen keine Gew\u00e4hrleistung \u00fcbernommen werden.<\/p>\n<p style=\"color: #000000;\">Kleintiere Schweiz beh\u00e4lt sich ausdr\u00fccklich vor, jederzeit Inhalte ohne Ank\u00fcndigung ganz oder teilweise zu \u00e4ndern, zu l\u00f6schen oder zeitweise nicht zu ver\u00f6ffentlichen.<\/p>\n<p style=\"color: #000000;\">Haftungsanspr\u00fcche gegen Kleintiere Schweiz wegen materieller oder immaterieller Art, welche aus dem Zugriff oder der Nutzung bzw. Nichtnutzung der ver\u00f6ffentlichen Informationen, durch Missbrauch der Verbindung oder durch technische St\u00f6rungen entstanden sind, werden ausgeschlossen.<\/p>\n<h2 style=\"color: #000000;\">Verweise und Links<\/h2>\n<p style=\"color: #000000;\">Verweise und Links auf Webseiten Dritter liegen ausserhalb des Verantwortungsbereichs von Kleintiere Schweiz. Der Zugriff und die Nutzung solcher Webseiten erfolgen auf eigene Gefahr des Nutzers oder der Nutzerin. Informationen und Dienstleistungen von verkn\u00fcpften Webseiten liegen vollumf\u00e4nglich in der Verantwortung des jeweiligen Dritten.<\/p>\n<p style=\"color: #000000;\">Es wird jegliche Verantwortung f\u00fcr solche Webseiten abgelehnt.<\/p>\n<h2 style=\"color: #000000;\">Datenschutz<\/h2>\n<p style=\"color: #000000;\">Gest\u00fctzt auf Artikel 13 der schweizerischen Bundesverfassung und die datenschutzrechtlichen Bestimmungen des Bundes hat jede Person Anspruch auf Schutz ihrer Privatsph\u00e4re sowie auf Schutz vor Missbrauch ihrer pers\u00f6nlichen Daten.<\/p>\n<p style=\"color: #000000;\">Mit Artikel 6 der Statuten von\u00a0<strong>Kleintiere Schweiz<\/strong>\u00a0und dem Artikel 3 Absatz 6 der Verbandspolitik von\u00a0<strong>Kleintiere Schweiz<\/strong>, wurde die Basis f\u00fcr ein Mitglieder Datenschutzreglement gelegt. \u00abDatenschutz und Zugriffsberechtigung\u00bb werden in diesem Reglement geregelt. Das Datenschutzreglement muss das Bundesgesetz \u00fcber den Datenschutz (DSG), inkl. Verordnung zum Bundesgesetz \u00fcber den Datenschutz (VDSG) vollumf\u00e4nglich ber\u00fccksichtigen und enth\u00e4lt anderseits die f\u00fcr die Mitgliederverwaltung eines Verbandes wichtigen Elemente.<\/p>\n<p style=\"color: #000000;\">Pers\u00f6nliche Daten werden streng vertraulich behandelt und weder an Dritte verkauft noch weiter gegeben.<\/p>\n<p style=\"color: #000000;\">In enger Zusammenarbeit mit unserem Hosting-Provider bem\u00fchen wir uns, die Datenbanken so gut wie m\u00f6glich vor fremden Zugriffen, Verlusten, Missbrauch oder F\u00e4lschungen zu sch\u00fctzen.<\/p>\n<p style=\"color: #000000;\">Die Nutzungsdaten bilden die Basis f\u00fcr statistische, anonyme Auswertungen, so dass Trends erkennbar sind, anhand deren Kleiuntiere Schweiz ihre Angebote entsprechend verbessern k\u00f6nnte.<\/p>\n<h2 style=\"color: #000000;\">Copyright<\/h2>\n<p style=\"color: #000000;\">Die auf den Webseiten von Kleintiere Schweiz enthaltenen Informationen werden der \u00d6ffentlichkeit zug\u00e4nglich gemacht. Durch das Herunterladen oder Kopieren von Inhalten, Bildern, Fotos oder anderen Dateien werden keine Rechte bez\u00fcglich der Inhalte \u00fcbertragen.<\/p>\n<p style=\"color: #000000;\">Die Urheber- und alle anderen Rechte an Inhalten, Bildern, Fotos oder anderen Dateien auf den Webseiten von Kleintiere Schweiz geh\u00f6ren ausschliesslich dieser oder den speziell genannten Rechtsinhabern. F\u00fcr die Reproduktion jeglicher Elemente ist die schriftliche Zustimmung der Urheberrechtstr\u00e4ger im Voraus einzuholen. Ausnahme bilden die den Mitgliedern von Kleintiere Schweiz zug\u00e4nglich gemachten Inserate, Formulare und Vorlagen zur Aus\u00fcbung ihrer Vereinst\u00e4tigkeit.<\/p>\n<h2 style=\"color: #000000;\">Dank<\/h2>\n<p style=\"color: #000000;\">Kleintiere Schweiz dankt f\u00fcr Ihren Besuch auf unserer Webseite. Bitte teilen Sie uns Ihre allf\u00e4lligen Verbesserungsw\u00fcnsche zu der Webseite mit.<\/p>\n<p style=\"color: #000000;\">\n<p style=\"color: #000000;\">Vorstand Kleintiere Schweiz<\/p>\n","protected":false},"excerpt":{"rendered":"<p>Impressum Design und Struktur dieser Webseiten wurden in Zusammenarbeit mit der onsite partner ag und der\u00a0Rrotulluesi Dardan\u00a0erstellt. Die Aktualisierung der Inhalte erfolgt durch die Webmaster von Kleintiere Schweiz mit Hilfe des Content Management Systems (CMS). Haftung Obwohl Kleintiere Schweiz mit aller Sorgfalt auf die Richtigkeit der ver\u00f6ffentlichten Informationen achtet, kann hinsichtlich der inhaltlichen Richtigkeit, Genauigkeit, [&hellip;]<\/p>","protected":false},"author":3,"featured_media":0,"parent":0,"menu_order":0,"comment_status":"closed","ping_status":"open","template":"","meta":[],"_links":{"self":[{"href":"http:\/\/rrotulluesi-dardan.ch\/cms\/index.php?rest_route=\/wp\/v2\/pages\/1474"}],"collection":[{"href":"http:\/\/rrotulluesi-dardan.ch\/cms\/index.php?rest_route=\/wp\/v2\/pages"}],"about":[{"href":"http:\/\/rrotulluesi-dardan.ch\/cms\/index.php?rest_route=\/wp\/v2\/types\/page"}],"author":[{"embeddable":true,"href":"http:\/\/rrotulluesi-dardan.ch\/cms\/index.php?rest_route=\/wp\/v2\/users\/3"}],"replies":[{"embeddable":true,"href":"http:\/\/rrotulluesi-dardan.ch\/cms\/index.php?rest_route=%2Fwp%2Fv2%2Fcomments&post=1474"}],"version-history":[{"count":1,"href":"http:\/\/rrotulluesi-dardan.ch\/cms\/index.php?rest_route=\/wp\/v2\/pages\/1474\/revisions"}],"predecessor-version":[{"id":1475,"href":"http:\/\/rrotulluesi-dardan.ch\/cms\/index.php?rest_route=\/wp\/v2\/pages\/1474\/revisions\/1475"}],"wp:attachment":[{"href":"http:\/\/rrotulluesi-dardan.ch\/cms\/index.php?rest_route=%2Fwp%2Fv2%2Fmedia&parent=1474"}],"curies":[{"name":"wp","href":"https:\/\/api.w.org\/{rel}","templated":true}]}}